Calculate q(-3).
3
Let o(u) = 31*u**2 - 4*u - 4. Calculate o(-2).
128
Let m(y) = 7*y + 11. What is m(10)?
81
Let h(r) = 3*r**3 - 12*r**2 + 4*r + 3. Give h(4).
19
Let u(s) = 2*s**2 + 14*s - 22. Determine u(-8).
-6
Let x(t) = t**2 - 9*t + 14. Calculate x(8).
6
Let n(q) = 5*q - 165. Give n(36).
15
Let y(u) = u - 18. Determine y(11).
-7
Let z(w) = 2*w**2 - 30*w + 33. Determine z(14).
5
Let x(i) = i**3 - 10*i**2 - 13*i + 24. What is x(11)?
2
Let b(v) = v**3 + 14*v**2 + 17*v - 14. Calculate b(-13).
-66
Let m(t) = t**3 - 8*t**2 + 9*t - 17. Determine m(7).
-3
Let m(o) = 9*o + 112. Give m(-12).
4
Let z(r) = -r**3 + 8*r**2 + 10*r - 4. Determine z(9).
5
Let k(l) = -l**3 - 3*l**2 + 2*l + 18. Calculate k(-6).
114
Let v(d) = -28*d**3 - 5*d**2 + 8*d - 2. Determine v(1).
-27
Let o(w) = -w**2 - 8*w - 3. Calculate o(-6).
9
Let c(j) = 13*j**2 + j. Calculate c(-1).
12
Let x(h) = 6*h**2 - 5. Give x(0).
-5
Let k(w) = 4*w + 3. Give k(2).
11
Let t(f) = f**3 - 3*f**2 - 9*f - 1. What is t(5)?
4
Let p(j) = j - 7. Determine p(9).
2
Let v(k) = k**2 + 17*k - 37. Give v(-19).
1
Let x(w) = -w**2 - 16*w + 20. What is x(-16)?
20
Let k(z) = -2*z**2 - 4*z + 3. Give k(-3).
-3
Let r(f) = -f**3 + 11*f**2 - 7*f - 21. What is r(10)?
9
Let p(l) = 4*l**2 - 4*l + 5. Give p(4).
53
Let q(h) = -13*h**2 - 2. Give q(2).
-54
Let b(w) = -3*w**2 - 126*w - 117. Determine b(-41).
6
Let t(b) = -11*b + 11. Give t(5).
-44
Let g(f) = 6*f - 7. Calculate g(1).
-1
Let j(l) = -l - 5. Determine j(10).
-15
Let h(o) = -o**3 - 11*o**2 + 4*o - 6. Give h(-11).
-50
Let w(y) = 5*y - 26. Calculate w(4).
-6
Let l(w) = -w**2 + 9*w - 1. Determine l(6).
17
Let g(n) = n**3 - 3*n**2 - 5*n - 1. Give g(4).
-5
Let r(g) = 3*g**3 + 2*g**2 + 3*g - 3. Give r(2).
35
Let z(d) = -2*d + 17. What is z(0)?
17
Let n(w) = 17*w + 129. Calculate n(-6).
27
Let o(w) = -w**3 + 3*w**2 - w - 13. What is o(4)?
-33
Let f(s) = s - 9. Determine f(7).
-2
Let k(n) = 2*n + 16. Calculate k(-10).
-4
Let o(w) = -2*w + 31. What is o(9)?
13
Let g(c) = 3*c**2 + 30*c + 19. What is g(-11)?
52
Let n(a) = a**2 - 6*a - 20. Determine n(9).
7
Let b(s) = 5*s - 11. Give b(3).
4
Let d(q) = q**2 - 7*q + 10. Give d(8).
18
Let i(p) = -18*p + 98. Determine i(7).
-28
Let j(c) = c - 11. Calculate j(4).
-7
Let k(l) = -l**2 + 3*l + 5. Give k(3).
5
Let t(b) = -7*b**2 + 4*b + 5. Give t(2).
-15
Let k(w) = 7*w + 57. Determine k(-9).
-6
Let c(l) = 2*l**2 - 12*l - 4. Determine c(6).
-4
Let w(n) = -2*n - 3. Calculate w(-4).
5
Let w(r) = 4*r - 3. Determine w(5).
17
Let g(j) = 18*j - 51. Determine g(-5).
-141
Let u(n) = -4*n - 12. Determine u(-6).
12
Let f(j) = j**3 + 13*j**2 - 4. What is f(-13)?
-4
Let f(o) = o**3 + 12*o**2 - 66*o - 28. Calculate f(-16).
4
Let q(h) = -3*h**2 - 15*h - 39. Calculate q(-6).
-57
Let q(x) = -33*x**2 - 31*x - 2. What is q(-1)?
-4
Let q(c) = c + 9. Give q(-15).
-6
Let s(w) = w**3 - 5*w**2 - 4*w - 6. What is s(6)?
6
Let x(l) = l**2 - 22*l - 47. Calculate x(24).
1
Let q(o) = o**2 + 2*o - 6. Determine q(3).
9
Let z(q) = -7*q**2 + 15*q - 5. Determine z(2).
-3
Let a(q) = -2*q**2 + 36*q - 36. What is a(17)?
-2
Let w(n) = n - 9. Calculate w(15).
6
Let y(g) = -g**3 + 23*g**2 - 26*g - 31. Give y(22).
-119
Let m(t) = -9*t**2. What is m(1)?
-9
Let z(q) = q**2 + 9*q - 5. Give z(-9).
-5
Let j(n) = -3*n**2 + 18*n + 14. Determine j(6).
14
Let f(b) = b**2 - 17*b + 44. Calculate f(13).
-8
Let t(g) = 2*g**2 - 7*g + 8. Determine t(3).
5
Let b(r) = -r**2 + 10*r - 1. Calculate b(8).
15
Let w(n) = -n**3 + 34*n**2 + 34*n + 53. Determine w(35).
18
Let i(r) = 4*r**2 - 2*r - 13. What is i(5)?
77
Let j(g) = -5*g**2 + 2*g + 26. Give j(5).
-89
Let k(q) = -2*q + 5. Determine k(-9).
23
Let q(z) = -3*z**2 + 23*z + 14. Calculate q(9).
-22
Let z(d) = -43*d**2 - 3*d. Determine z(-1).
-40
Let q(o) = -o**3 - 18*o**2 + 23*o + 88. What is q(-19)?
12
Let v(o) = o**2 - 12*o + 15. What is v(12)?
15
Let d(s) = -s**2 + 13*s - 7. Give d(12).
5
Let n(y) = -y**3 - 9*y**2 - 16*y + 8. Calculate n(-6).
-4
Let v(s) = s**3 - 2*s**2 + 2*s - 6. Calculate v(4).
34
Let m(f) = -2*f**2 - 30*f - 9. Calculate m(-12).
63
Let c(f) = -f**2 + 320*f - 2197. Calculate c(7).
-6
Let s(z) = z**3 - 8*z**2 - 15*z + 31. What is s(9)?
-23
Let t(x) = -3*x + 32. Give t(5).
17
Let d(c) = c + 1. Determine d(-11).
-10
Let h(j) = j**3 + 24*j**2 + 23*j + 15. Give h(-23).
15
Let h(i) = -i**3 + 3*i + 5. Give h(-2).
7
Let m(y) = y**2 - 12*y - 67. Determine m(16).
-3
Let n(j) = -j**2 - 7*j + 11. Calculate n(-10).
-19
Let n(m) = -m**3 - 5*m**2 - 3*m + 7. Calculate n(-4).
3
Let n(c) = 2*c**3 - 9*c**2 - 8*c + 18. What is n(5)?
3
Let y(r) = 13*r + 19. What is y(-4)?
-33
Let j(t) = -4*t + 3. What is j(-8)?
35
Let c(s) = -s**3 + 31*s**2 - 2*s + 47. Calculate c(31).
-15
Let b(k) = 2*k**3 + 6*k**2 + k + 10. What is b(-5)?
-95
Let x(w) = -w**3 - 73*w**2 + 147*w - 221. Calculate x(-75).
4
Let w(s) = s**2 - 3*s - 1. Calculate w(1).
-3
Let h(m) = m**3 + 21*m**2 + 22*m - 8. Determine h(-20).
-48
Let p(k) = -k**3 + 33*k**2 + 36*k - 95. What is p(34)?
-27
Let i(d) = -19*d**2 + 2*d - 3. Give i(1).
-20
Let l(i) = -2*i**3 - 8*i**2 - 4*i + 16. What is l(-5)?
86
Let z(f) = f**2 - 2*f + 2. What is z(-4)?
26
Let g(n) = -3*n + 3. Give g(3).
-6
Let x(h) = -2*h - 22. Calculate x(-15).
8
Let s(p) = 5*p - 3. Give s(6).
27
Let t(a) = -20*a + 7. Calculate t(3).
-53
Let h(q) = q**3 + q**2 - 4*q - 4. What is h(-4)?
-36
Let c(i) = 2*i**2 + 7*i + 1. Give c(-6).
31
Let l(a) = 37*a**2 + 3*a + 2. What is l(-1)?
36
Let g(n) = n**2 - 17*n + 22. Give g(15).
-8
Let o(l) = l + 13. Calculate o(-4).
9
Let b(n) = -n**2 + n + 4. What is b(-3)?
-8
Let p(b) = -2*b**2 + 2*b + 3. Give p(3).
-9
Let f(g) = g**2 - 62*g + 738. Calculate f(16).
2
Let s(h) = h**2 - 18*h + 104. Give s(10).
24
Let a(x) = x**3 - 5*x**2 - 4*x + 16. What is a(5)?
-4
Let v(a) = a**3 - 13*a**2 + 2*a - 20. What is v(13)?
6
Let u(j) = j**3 + 9*j**2 + 8*j + 1. What is u(-8)?
1
Let x(s) = 19*s - 55. What is x(6)?
59
Let p(n) = 2*n**2 - 14*n - 5. Determine p(7).
-5
Let f(t) = -t**3 - 4*t**2 + 11*t - 4. Determine f(-6).
2
Let m(u) = u**3 - 6*u**2 + 4*u - 5. What is m(6)?
19
Let y(v) = 4*v**2 - 16*v - 15. Give y(5).
5
Let q(z) = -2*z + 56. Calculate q(29).
-2
Let v(m) = -84*m + 666. Determine v(8).
-6
Let l(g) = -g**3 + 5*g**2 - g + 2. Calculate l(5).
-3
Let v(q) = -7*q - 42. Calculate v(-14).
56
Let q(t) = 2*t**2 - t + 6. Give q(-3).
27
Let q(y) = y**3 + 10*y**2 + 11*y - 9. Determine q(-8).
31
Let u(a) = 3*a**2 - 31*a + 22. Give u(7).
-48
Let n(d) = d**2 - d - 19. Determine n(5).
1
Let t(p) = -p**2 + p + 1. What is t(3)?
-5
Let d(l) = l**2 - 13*l + 5. Determine d(9).
-31
Let a(w) = -37*w + 1. Calculate a(1).
-36
Let r(f) = 8*f - 96. What is r(9)?
-24
Let r(x) = x**2 - 2*x - 3. Determine r(0).
-3
Let l(x) = -x**2 + 11*x - 28. Give l(10).
-18
Let j(i) = -2*i**3 + 2*i**2 + 3*i - 29. Calculate j(0).
-29
Let g(l) = -3*l**3 + 23*l**2 + 8*l - 2. What is g(8)?
-2
Let t(x) = x**2 - 9*x - 80. Give t(13).
-28
Let l(u) = u**2 - 125*u + 934. What is l(8)?
-2
Let d(r) = 35*r - 365. Give d(10).
-15
Let j(w) = w - 30. What is j(11)?
-19
Let q(z) = z**2 - 25*z - 441. What is q(-12)?
3
Let r(q) = -q**2 - 21*q - 74. Calculate r(-16).
6
Let t(f) = -f**3 + 7*f**2 + 13*f - 9. Determine t(8).
31
Let f(x) = -x**3 - 12*x**2 + 2*x. Calculate f(-12).
-24
Let d(v) = -v**3 - 7*v**2 - 8*v - 6. What is d(-5)?
-16
Let u(n) = n**2 + 8*n + 14. Give u(-4).
-2
Let p(w) = -4*w**2 + 22*w + 12. Give p(6).
0
Let y(w) = -w**2 - 24*w - 49. What is y(-8)?
79
Let l(n) = 2*n**3 + 16*n**2 + 14*n. Calculate l(-7).
0
Let y(l) = l**2 + 2*l - 18. Calculate y(-5).
-3
Let f(k) = k**2 - 12*k + 13. Determine f(7).
-22
Let h(n) = 14*n - 137. What is h(9)?
-11
Let h(m) = -2*m**2 + 6*m - 1. Calculate h(3).
-1
Let g(c) = -31*c**2 - 11*c + 10. Calculate g(1).
-32
Let u(o) = -10*o + 1. Determine u(1).
-9
Let r(a) = a**3 - 11*a**2 - 28*a + 26. Determine r(13).
0
Let k(f) = -2*f**2 - f + 19. Calculate k(0).
19
Let t(g) = -g**2 + 9*g - 18. Determine t(7).
-4
Let b(a) = 4*a**2 - 2*a + 2. What is b(1)?
4
Let b(h) = -h - 2. Determine b(2).
-4
Let f(m) = -m**2 + 2*m + 1. Give f(3).
-2
Let q(f) = f**2 + 15*f + 24. What is q(-14)?
10
Let i(k) = -42*k + 2. Give i(-2).
86
Let f(s) = -7*s**3 + 2*s**2 - 3*s - 6. Determine f(-1).
6
Let q(b) = -b**2 - 12*b - 39. Give q(-8).
-7
Let f(b) 